 Suppose 2*l + 94 = 4*a + l, 0 = a + l - t. Let p = a - 14. List the prime factors of p.
3
Let u(m) = m**3 + 7*m**2 - 7*m + 8. Let x be u(-8). Suppose x = -r + 19 + 21. List the prime factors of r.
2, 5
Suppose 3*o = 4*o. Suppose o = 4*y + 2*m - 18, 0*m - 8 = y + 3*m. Suppose -l - 2*r + 3 = -y*r, -2*l + 6 = -2*r. List the prime factors of l.
3
Let i(j) = -2 - 3*j**2 - j + 4*j**2 - 2*j + 0. What are the prime factors of i(4)?
2
Suppose 2*p + 7 = -13. Let y = p + 0. Let a = y - -19. List the prime factors of a.
3
Let h(s) = s**2 + 4*s + 3. List the prime factors of h(-7).
2, 3
Let y be -1 + 1*(40 - -3). What are the prime factors of y/24*(12 - 0)?
3, 7
Let q(m) = 2*m**2 - 7*m - 10. Suppose -9*f = -4*f + 20. List the prime factors of q(f).
2, 5
Let a(u) = -2*u - 8. Suppose h = 3*s - 9 - 1, -h - 10 = 5*s. List the prime factors of a(h).
2, 3
Let i(b) = -3*b**3 + 5*b**2 - 5*b + 10. Let l(v) = v**3 + v**2 - 1. Let s(a) = i(a) + 2*l(a). List the prime factors of s(6).
2, 7
Let s(z) = z**2 - 8. List the prime factors of s(-6).
2, 7
Let k(n) = 57*n - 8. List the prime factors of k(2).
2, 53
Let m(t) = t**3 - 2*t**2 - t + 233. List the prime factors of m(0).
233
What are the prime factors of -3*((-177)/9 + -4)?
71
Suppose -4 = 4*i - 6*i. Let m be -2*(-4 - -2)/i. Suppose 4*z = -4*b + 30 + 30, -b + m*z = -6. List the prime factors of b.
2, 3
Suppose -5*o = -28 - 47. Suppose 5*c = -0*g - 5*g + 100, 0 = -3*g - o. What are the prime factors of c?
5
Let z(j) = 6*j**2 + 7*j + 8. List the prime factors of z(-4).
2, 19
Let y be 112/8 - (0 - -2). Suppose -4*m + 5 + 11 = 0. Suppose x - m*x = -y. What are the prime factors of x?
2
Let y be (-2)/(-8) - 51/(-4). Let l = -1 + y. What are the prime factors of l?
2, 3
Let b be (-9)/(2/(-2)) + 1. Suppose -3*d + 2*j = 25, 3*d + 35 = -2*d + 2*j. Let h = b + d. List the prime factors of h.
5
Let m = -269 - -419. Suppose -20 + m = 5*q. List the prime factors of q.
2, 13
Suppose -s = -0*s - 5. Suppose 3*p - s*p + 40 = 0. What are the prime factors of p?
2, 5
Suppose i - 6*i - 45 = 0. List the prime factors of -30*(3 + 30/i).
2, 5
Let g be 12 + 0 + 2 + -1. Let r = g + 4. List the prime factors of r.
17
Let v = -2 - -4. Suppose v*h = 3*h - 15. What are the prime factors of 88/5 + h/(-25)?
17
Suppose -6*w + 4*y = -w - 11, 2*y = -8. What are the prime factors of w*((-116)/(-2))/(-2)?
29
Let h(o) = -o + 1. Let r be h(3). Let y(f) be the third derivative of f**5/60 + f**4/12 + f**3/3 - 2*f**2. What are the prime factors of y(r)?
2
Suppose 2*s + 146 = 3*q, 2*q - 3*s - 92 = s. List the prime factors of q.
2, 5
Let p be (-2)/(-2 + (-7)/(-3)). Let c = -2 - p. Suppose 4*x - 20 = -c. What are the prime factors of x?
2
Let c = 4 + -5. Let x be (-3 - (-3 + 11))*c. List the prime factors of (-1)/((3/x)/(-3)).
11
Let s(q) = -2*q - 2 - 1 - 11*q**3 + 0 - q**2. Let g be s(-2). Suppose -5*h + g = 5*t, 0 = 2*t + 2*t + h - 62. What are the prime factors of t?
3, 5
Suppose -k + 0*k = -3. Suppose -18 = -4*s + 3*p, -k*s + p + 13 = -p. Suppose f - 60 = -s*f. List the prime factors of f.
3, 5
List the prime factors of 12/8*(0 + 2).
3
Let r = 28 + -17. Suppose 2*a - 5 = r. List the prime factors of a.
2
Let y be (-2)/(-4)*166 - -2. Suppose -5*l + 10 = -y. List the prime factors of l.
19
What are the prime factors of ((-124)/10)/(10/(-25))?
31
Suppose v - 46 = -4*h - 2*v, -2*h - 4*v + 18 = 0. Let l = -8 + h. List the prime factors of l.
5
Let c(z) = 2*z**2 + 8*z + 12. List the prime factors of c(-8).
2, 19
Let b(v) = -5*v**2 + 0*v**2 - 2*v + v**2 - 3 + v - 2*v**3. What are the prime factors of b(-3)?
2, 3
Let c be -7*(120/(-14))/1. Suppose -4*n + 3*j + j + c = 0, -j + 45 = 4*n. List the prime factors of n.
2, 3
Suppose -3*w = -i - 4, 5 = w + 3*i - 3. What are the prime factors of 5/15*48/w?
2
Let l = 7 - -10. List the prime factors of l.
17
Let p(a) = 5*a + 37. List the prime factors of p(0).
37
Let o = 9 - 13. Let w(n) = -n**3 - 3*n**2 + 5*n + 4. Let g be w(o). Suppose -3*p + 25 + 17 = g. List the prime factors of p.
2, 7
Suppose 5*u = 5, -3*u + 5 - 2 = 3*o. What are the prime factors of (4 + -3)*(o + 11)?
11
Let g = -5 + 17. Suppose t - g = -4*y, -5*y - 10 = -3*t - 42. Suppose 0 = -v + 5 + y. List the prime factors of v.
3
Suppose 2*g - 139 = g. List the prime factors of g.
139
Suppose u = -u + 4. Suppose 4 = -v + u*v. Let h = v - -7. List the prime factors of h.
11
Let j be ((-20)/2)/(-10 - -8). Let y(k) be the first derivative of k**4/4 - 5*k**3/3 + 4*k + 2. List the prime factors of y(j).
2
Let d(a) = 8*a - 4. List the prime factors of d(9).
2, 17
Suppose k = 2*k - 12. Let q(v) = -v**3 + 7*v**2 - 3*v + 6. Let g be q(6). Let f = g - k. What are the prime factors of f?
2, 3
Let p be ((-48)/(-15))/(1/10). Suppose 8*i - 4*i = 48. Suppose -4*k + p + i = 0. What are the prime factors of k?
11
Suppose 0 = 3*u + 2*g - 83, -3*u + g = -3*g - 77. List the prime factors of u.
3
Let h(w) = -28*w - 16. What are the prime factors of h(-13)?
2, 3, 29
Suppose 3*k - 2 - 15 = -4*w, -3*w + k + 3 = 0. Suppose 124 = 3*r + w*h, -3*r + h = 2*h - 122. What are the prime factors of r?
2, 5
Let v = 17 - 8. List the prime factors of v.
3
Let x(y) = -4*y + 2. What are the prime factors of x(-4)?
2, 3
What are the prime factors of (61 - 4)*((-40)/(-3))/5?
2, 19
Let x(y) = -y**2 + 9*y - 1. Let a be x(8). Let w = a + 2. What are the prime factors of w?
3
Suppose 5*x = x + 12. Suppose -83 = -4*d + x*v, d + 0*d = -4*v + 16. What are the prime factors of d?
2, 5
Suppose -3*b + 6 = 4*y, 3*y = b - 0*b - 2. Suppose -3*r = y, 3*x - 6*r = -3*r + 36. Suppose 3*s - 2 = -p, 0 = -0*s - 2*s + 2*p + x. List the prime factors of s.
2
Suppose 6*o - 8 = 2*o. Suppose k = 3*p - 0*k - 42, -46 = -4*p - o*k. What are the prime factors of p?
13
Suppose 14*t + 0 - 868 = 0. List the prime factors of t.
2, 31
Let j = -2 - 0. Let c = 13 + j. Suppose n - c = -0*n. List the prime factors of n.
11
Let u be (12/10)/(15/100). Let g(a) = u*a**2 + 0*a**2 + 8*a**2 - 1 + 0. List the prime factors of g(-1).
3, 5
Let k(i) = i**3 - i**2 + 5. Let g(u) = -4*u**3 + 5*u**3 - 2*u**2 + 4*u**2. Let n be g(-2). What are the prime factors of k(n)?
5
Suppose -9*r = -13*r + 304. What are the prime factors of r?
2, 19
Let r = 2 - 0. Suppose 41 = 2*g + r*g - 5*b, 0 = -2*g - b + 3. What are the prime factors of g?
2
Let k be -5*(356/(-20) - -3). Let z = -25 + k. What are the prime factors of z?
7
Let h(r) be the first derivative of -r**4/4 + 2*r**3/3 + r - 5. What are the prime factors of h(-3)?
2, 23
What are the prime factors of (-1908)/(-24)*4/6?
53
Suppose -31 = 5*o - 356. Suppose 5*s = -5*b + o, 3*s + 2*b = b + 47. What are the prime factors of s?
17
Suppose -b = -2*b + 10. Let q = 9 + b. What are the prime factors of q?
19
Let o(y) = 29 + y**2 + 18*y - 12*y - 5*y. What are the prime factors of o(0)?
29
Let q = -138 + 237. List the prime factors of (q/6)/(-3)*-2.
11
Let f(c) = -36*c**3 + c. List the prime factors of f(-1).
5, 7
Suppose -n + 44 = n. What are the prime factors of n?
2, 11
Let c(o) = 3*o - 3. List the prime factors of c(15).
2, 3, 7
Let r = -2 + 4. Let t be r + -2 + 10/(-1). Let h = 21 + t. List the prime factors of h.
11
Let j(i) be the second derivative of i**3/3 - 9*i**2/2 + 3*i. List the prime factors of j(9).
3
Suppose 5*h - r - 407 = r, h + 2*r - 79 = 0. What are the prime factors of h?
3
Let g(u) = 52*u**2 + u + 5. List the prime factors of g(-2).
211
Let h(a) = -a**2 + a - 1. Let b(p) = p**2 + 6*p + 4. Let y(k) = b(k) + 2*h(k). List the prime factors of y(8).
2
Let q be 64/10 - 4/10. Suppose -q = 4*r + 2. List the prime factors of 18/(r + 4) - 0.
3
Let x be 57 - (-1)/(3/(-6)). Let m = x + -9. What are the prime factors of m?
2, 23
Let q = 0 - -2. Suppose 0 = a + 5*y + q, 4*y + 95 = 4*a + 7. What are the prime factors of a?
2, 3
Let h(m) = 25*m**2 - 5*m - 4. Let z(k) = 26*k**2 - 6*k - 5. Let i(u) = 6*h(u) - 5*z(u). What are the prime factors of i(-1)?
3, 7
Let t(f) = 10*f + 2. Let x be t(5). Suppose 4*r + x = 4*z, 7*r - 3 = z + 2*r. Let b = z - 12. What are the prime factors of b?
5
Let j(y) = y**3 + y**2 - 3*y + 3. Let x be j(2). Suppose 4*u + 5*c = x + 13, c + 4 = 2*u. What are the prime factors of u?
3
Let i(n) = n + n**3 - 4*n + 6*n - 6 - 4*n**2. List the prime factors of i(4).
2, 3
List the prime 